{"id":752,"date":"2022-01-24T11:06:53","date_gmt":"2022-01-24T10:06:53","guid":{"rendered":"https:\/\/parroquiacanaveral.archimadrid.es\/?page_id=752"},"modified":"2022-01-24T11:06:53","modified_gmt":"2022-01-24T10:06:53","slug":"calendario-de-eventos","status":"publish","type":"page","link":"https:\/\/parroquiacanaveral.archimadrid.es\/index.php\/calendario-de-eventos\/","title":{"rendered":"Calendario de Eventos"},"content":{"rendered":"\r\n<div id='mc-948a6a8e8cd15db324902317a630b853' class='mc-main mcjs listjs gridjs minijs ajaxjs twentytwentytwo calendar month mc-948a6a8e8cd15db324902317a630b853 ' >\n<script type=\"application\/ld+json\">\n[{\"@context\":\"https:\/\/schema.org\",\"@type\":\"Event\",\"name\":\"Misa 19,30 en el solar c\/ Miguel Delibes 75 y juegos para todos\",\"description\":\"\",\"image\":\"https:\/\/parroquiacanaveral.archimadrid.es\/wp-content\/uploads\/2021\/03\/cropped-Logo_Parroquia-1.png\",\"url\":\"https:\/\/parroquiacanaveral.archimadrid.es\/index.php\/calendario-de-eventos\/?mc_id=194\",\"startDate\":\"2026-05-02T19:30:00+00:00\",\"endDate\":\"2026-05-02T22:30:00+00:00\",\"duration\":\"PT3H\",\"eventAttendanceMode\":\"https:\/\/schema.org\/OnlineEventAttendanceMode\",\"location\":{\"@type\":\"VirtualLocation\",\"url\":\"https:\/\/parroquiacanaveral.archimadrid.es\/index.php\/calendario-de-eventos\/?mc_id=194\"}}]\n<\/script>\n<h2 id=\"mc_head_mc-948a6a8e8cd15db324902317a630b853\" class=\"heading my-calendar-month\"><span>Eventos en mayo 2026\n<\/span><\/h2>\n\n<nav class=\"my-calendar-navigation\" aria-label=\"Calendar (top)\">\n<div class=\"my-calendar-header\"><div class=\"my-calendar-date-switcher\"><form class=\"mc-date-switcher\" action=\"https:\/\/parroquiacanaveral.archimadrid.es\/index.php\/wp-json\/wp\/v2\/pages\/752\/\" method=\"get\"><div><input type=\"hidden\" name=\"cid\" value=\"mc-948a6a8e8cd15db324902317a630b853\" \/> <label class=\"maybe-hide\" for=\"mc-948a6a8e8cd15db324902317a630b853-month\">Mes<\/label> <select id=\"mc-948a6a8e8cd15db324902317a630b853-month\" name=\"month\">\n<option value='1'>enero<\/option>\n<option value='2'>febrero<\/option>\n<option value='3'>marzo<\/option>\n<option value='4'>abril<\/option>\n<option value='5' selected='selected'>mayo<\/option>\n<option value='6'>junio<\/option>\n<option value='7'>julio<\/option>\n<option value='8'>agosto<\/option>\n<option value='9'>septiembre<\/option>\n<option value='10'>octubre<\/option>\n<option value='11'>noviembre<\/option>\n<option value='12'>diciembre<\/option>\n<\/select>\n <label class=\"maybe-hide\" for=\"mc-948a6a8e8cd15db324902317a630b853-year\">A\u00f1o<\/label> <select id=\"mc-948a6a8e8cd15db324902317a630b853-year\" name=\"yr\">\n<option value=\"2022\">2022<\/option>\n<option value=\"2023\">2023<\/option>\n<option value=\"2024\">2024<\/option>\n<option value=\"2025\">2025<\/option>\n<option value=\"2026\" selected='selected'>2026<\/option>\n<\/select> <input type=\"submit\" class=\"button\" data-href=\"https:\/\/parroquiacanaveral.archimadrid.es\/index.php\/wp-json\/wp\/v2\/pages\/752\/\" value=\"Ir\" \/><\/div><\/form><\/div><\/div>\n<\/nav>\n<div class=\"mc-content\">\n<table class='my-calendar-table' aria-labelledby='mc_head_mc-948a6a8e8cd15db324902317a630b853'>\n<thead>\n\t<tr class='mc-row'>\n\t\t<th scope=\"col\" class='day-heading mon'><abbr title=\"lunes\" aria-hidden=\"true\">Lun<\/abbr><span class=\"screen-reader-text\">lunes<\/span><\/th>\n\t\t<th scope=\"col\" class='day-heading tues'><abbr title=\"martes\" aria-hidden=\"true\">Mar<\/abbr><span class=\"screen-reader-text\">martes<\/span><\/th>\n\t\t<th scope=\"col\" class='day-heading wed'><abbr title=\"mi\u00e9rcoles\" aria-hidden=\"true\">Mi\u00e9<\/abbr><span class=\"screen-reader-text\">mi\u00e9rcoles<\/span><\/th>\n\t\t<th scope=\"col\" class='day-heading thur'><abbr title=\"jueves\" aria-hidden=\"true\">Jue<\/abbr><span class=\"screen-reader-text\">jueves<\/span><\/th>\n\t\t<th scope=\"col\" class='day-heading fri'><abbr title=\"viernes\" aria-hidden=\"true\">Vie<\/abbr><span class=\"screen-reader-text\">viernes<\/span><\/th>\n\t\t<th scope=\"col\" class='weekend-heading sat'><abbr title=\"s\u00e1bado\" aria-hidden=\"true\">S\u00e1b<\/abbr><span class=\"screen-reader-text\">s\u00e1bado<\/span><\/th>\n\t\t<th scope=\"col\" class='weekend-heading sun'><abbr title=\"domingo\" aria-hidden=\"true\">Dom<\/abbr><span class=\"screen-reader-text\">domingo<\/span><\/th>\n\t<\/tr>\n<\/thead>\n<tbody>\n<tr class='mc-row'><td class='no-events lunes lun past-day past-date  nextmonth no-events day-with-date'><div class='mc-date-container'><span class='mc-date no-events'><span aria-hidden='true'>27<\/span><span class='screen-reader-text'>27 de abril de 2026<\/span><\/span><\/div>\n<\/td>\n<td class='no-events martes mar past-day past-date  nextmonth no-events day-with-date'><div class='mc-date-container'><span class='mc-date no-events'><span aria-hidden='true'>28<\/span><span class='screen-reader-text'>28 de abril de 2026<\/span><\/span><\/div>\n<\/td>\n<td class='no-events mircoles mi past-day past-date  nextmonth no-events day-with-date'><div class='mc-date-container'><span class='mc-date no-events'><span aria-hidden='true'>29<\/span><span class='screen-reader-text'>29 de abril de 2026<\/span><\/span><\/div>\n<\/td>\n<td class='no-events jueves jue past-day past-date  nextmonth no-events day-with-date'><div class='mc-date-container'><span class='mc-date no-events'><span aria-hidden='true'>30<\/span><span class='screen-reader-text'>30 de abril de 2026<\/span><\/span><\/div>\n<\/td>\n<td class='no-events viernes vie past-day past-date   no-events day-with-date'><div class='mc-date-container'><span class='mc-date no-events'><span aria-hidden='true'>1<\/span><span class='screen-reader-text'>1 de mayo de 2026<\/span><\/span><\/div>\n<\/td>\n<td id='calendar-2026-05-02' class='mc-events sbado sb past-day past-date weekend  has-events author4 mcat_general day-with-date'><div class='mc-date-container'>\n\t<span class='mc-date'><span aria-hidden='true'>2<\/span><span class='screen-reader-text'>2 de mayo de 2026<\/span><span class=\"event-icon\" aria-hidden=\"true\">&#9679;<\/span><span class=\"screen-reader-text\"><span class=\"mc-list-details event-count\">(1 event)<\/span><\/span><\/span><\/div><article id='mc_calendar_02_194-calendar-194' class='mc-mc_calendar_194 calendar-event mc_general mc_no-location past-event mc_primary_general nonrecurring mc-3-horas mc-start-19-30 ungrouped mc-event-114 mc-events mc-event mc_rel_general'><header>\t<h3 class='event-title summary' id='mc_194-title-mc-948a6a8e8cd15db324902317a630b853'><button type='button'  aria-expanded='false' aria-controls='mc_calendar_02_194-calendar-details-194' class='calendar open url summary has-image'><svg style=\"fill:#000000\" focusable=\"false\" role=\"img\" aria-labelledby=\"cat_2\" class=\"category-icon\" xmlns=\"http:\/\/www.w3.org\/2000\/svg\" viewBox=\"0 0 448 512\"><!-- Font Awesome Free 5.15.3 by @fontawesome - https:\/\/fontawesome.com License - https:\/\/fontawesome.com\/license\/free (Icons: CC BY 4.0, Fonts: SIL OFL 1.1, Code: MIT License) --><title id='cat_2'>Categor\u00eda: General<\/title><path d=\"M12 192h424c6.6 0 12 5.4 12 12v260c0 26.5-21.5 48-48 48H48c-26.5 0-48-21.5-48-48V204c0-6.6 5.4-12 12-12zm436-44v-36c0-26.5-21.5-48-48-48h-48V12c0-6.6-5.4-12-12-12h-40c-6.6 0-12 5.4-12 12v52H160V12c0-6.6-5.4-12-12-12h-40c-6.6 0-12 5.4-12 12v52H48C21.5 64 0 85.5 0 112v36c0 6.6 5.4 12 12 12h424c6.6 0 12-5.4 12-12z\"\/><\/svg> <div>19:30: Misa 19,30 en el solar c\/ Miguel Delibes 75 y juegos para todos<\/div><\/button><\/h3>\n<\/header><div id='mc_calendar_02_194-calendar-details-194' class='details no-image single-details' aria-labelledby='mc_194-title-mc-948a6a8e8cd15db324902317a630b853'>\n\t<button type='button' aria-controls='mc_calendar_02_194-calendar-details-194' class='mc-toggle close'><span class='dashicons dashicons-dismiss' aria-hidden='true'><\/span><span class='screen-reader-text'>Close<\/span><\/button>\n\t\t<h4 class=\"mc-title\">19:30: Misa 19,30 en el solar c\/ Miguel Delibes 75 y juegos para todos<\/h4>\n\t\r\n\t<div class='time-block'>\r\n\t\t<span class='mc-icon' aria-hidden='true'><\/span>\r\n\t\t<p><span class=\"time-wrapper\"><span class='event-time dtstart'><time class='value-title' datetime='2026-05-02T19:30:00+02:00' title='2026-05-02T19:30:00+02:00'>19:30<\/time><\/span> <span class='time-separator'> &ndash; <\/span> <span class='end-time dtend'> <time class='value-title' datetime='2026-05-02T22:30:00+02:00' title='2026-05-02T22:30:00+02:00'>22:30<\/time><\/span><\/span><br \/><span class=\"date-wrapper\"><span class='mc-start-date dtstart' title='2026-05-02T19:30:00+02:00' content='2026-05-02T19:30:00+02:00'>2 de mayo de 2026<\/span>  <\/span><\/p>\r\n\t<\/div>\n\t\t<div class=\"sharing\">\t<p class='mc-details'><a aria-label='Leer m\u00e1s: 19:30: Misa 19,30 en el solar c\/ Miguel Delibes 75 y juegos para todos' href='https:\/\/parroquiacanaveral.archimadrid.es\/index.php\/calendario-de-eventos\/?mc_id=194'>Leer m\u00e1s<\/a><\/p>\n<\/div><\/div><!--end .details--><\/article>\n<\/td>\n<td class='no-events domingo dom past-day past-date weekend  no-events day-with-date'><div class='mc-date-container'><span class='mc-date no-events'><span aria-hidden='true'>3<\/span><span class='screen-reader-text'>3 de mayo de 2026<\/span><\/span><\/div>\n<\/td>\n<\/tr>\n<!-- End Event Row -->\n<tr class='mc-row'><td class='no-events lunes lun past-day past-date   no-events day-with-date'><div class='mc-date-container'><span class='mc-date no-events'><span aria-hidden='true'>4<\/span><span class='screen-reader-text'>4 de mayo de 2026<\/span><\/span><\/div>\n<\/td>\n<td class='no-events martes mar past-day past-date   no-events day-with-date'><div class='mc-date-container'><span class='mc-date no-events'><span aria-hidden='true'>5<\/span><span class='screen-reader-text'>5 de mayo de 2026<\/span><\/span><\/div>\n<\/td>\n<td class='no-events mircoles mi past-day past-date   no-events day-with-date'><div class='mc-date-container'><span class='mc-date no-events'><span aria-hidden='true'>6<\/span><span class='screen-reader-text'>6 de mayo de 2026<\/span><\/span><\/div>\n<\/td>\n<td class='no-events jueves jue past-day past-date   no-events day-with-date'><div class='mc-date-container'><span class='mc-date no-events'><span aria-hidden='true'>7<\/span><span class='screen-reader-text'>7 de mayo de 2026<\/span><\/span><\/div>\n<\/td>\n<td class='no-events viernes vie past-day past-date   no-events day-with-date'><div class='mc-date-container'><span class='mc-date no-events'><span aria-hidden='true'>8<\/span><span class='screen-reader-text'>8 de mayo de 2026<\/span><\/span><\/div>\n<\/td>\n<td class='no-events sbado sb past-day past-date weekend  no-events day-with-date'><div class='mc-date-container'><span class='mc-date no-events'><span aria-hidden='true'>9<\/span><span class='screen-reader-text'>9 de mayo de 2026<\/span><\/span><\/div>\n<\/td>\n<td class='no-events domingo dom past-day past-date weekend  no-events day-with-date'><div class='mc-date-container'><span class='mc-date no-events'><span aria-hidden='true'>10<\/span><span class='screen-reader-text'>10 de mayo de 2026<\/span><\/span><\/div>\n<\/td>\n<\/tr>\n<!-- End Event Row -->\n<tr class='mc-row'><td class='no-events lunes lun past-day past-date   no-events day-with-date'><div class='mc-date-container'><span class='mc-date no-events'><span aria-hidden='true'>11<\/span><span class='screen-reader-text'>11 de mayo de 2026<\/span><\/span><\/div>\n<\/td>\n<td class='no-events martes mar past-day past-date   no-events day-with-date'><div class='mc-date-container'><span class='mc-date no-events'><span aria-hidden='true'>12<\/span><span class='screen-reader-text'>12 de mayo de 2026<\/span><\/span><\/div>\n<\/td>\n<td aria-current=\"date\" class='no-events mircoles mi current-day   no-events day-with-date'><div class='mc-date-container'><span class='mc-date no-events'><span aria-hidden='true'>13<\/span><span class='screen-reader-text'>13 de mayo de 2026<\/span><\/span><\/div>\n<\/td>\n<td class='no-events jueves jue future-day   no-events day-with-date'><div class='mc-date-container'><span class='mc-date no-events'><span aria-hidden='true'>14<\/span><span class='screen-reader-text'>14 de mayo de 2026<\/span><\/span><\/div>\n<\/td>\n<td class='no-events viernes vie future-day   no-events day-with-date'><div class='mc-date-container'><span class='mc-date no-events'><span aria-hidden='true'>15<\/span><span class='screen-reader-text'>15 de mayo de 2026<\/span><\/span><\/div>\n<\/td>\n<td class='no-events sbado sb future-day weekend  no-events day-with-date'><div class='mc-date-container'><span class='mc-date no-events'><span aria-hidden='true'>16<\/span><span class='screen-reader-text'>16 de mayo de 2026<\/span><\/span><\/div>\n<\/td>\n<td class='no-events domingo dom future-day weekend  no-events day-with-date'><div class='mc-date-container'><span class='mc-date no-events'><span aria-hidden='true'>17<\/span><span class='screen-reader-text'>17 de mayo de 2026<\/span><\/span><\/div>\n<\/td>\n<\/tr>\n<!-- End Event Row -->\n<tr class='mc-row'><td class='no-events lunes lun future-day   no-events day-with-date'><div class='mc-date-container'><span class='mc-date no-events'><span aria-hidden='true'>18<\/span><span class='screen-reader-text'>18 de mayo de 2026<\/span><\/span><\/div>\n<\/td>\n<td class='no-events martes mar future-day   no-events day-with-date'><div class='mc-date-container'><span class='mc-date no-events'><span aria-hidden='true'>19<\/span><span class='screen-reader-text'>19 de mayo de 2026<\/span><\/span><\/div>\n<\/td>\n<td class='no-events mircoles mi future-day   no-events day-with-date'><div class='mc-date-container'><span class='mc-date no-events'><span aria-hidden='true'>20<\/span><span class='screen-reader-text'>20 de mayo de 2026<\/span><\/span><\/div>\n<\/td>\n<td class='no-events jueves jue future-day   no-events day-with-date'><div class='mc-date-container'><span class='mc-date no-events'><span aria-hidden='true'>21<\/span><span class='screen-reader-text'>21 de mayo de 2026<\/span><\/span><\/div>\n<\/td>\n<td class='no-events viernes vie future-day   no-events day-with-date'><div class='mc-date-container'><span class='mc-date no-events'><span aria-hidden='true'>22<\/span><span class='screen-reader-text'>22 de mayo de 2026<\/span><\/span><\/div>\n<\/td>\n<td class='no-events sbado sb future-day weekend  no-events day-with-date'><div class='mc-date-container'><span class='mc-date no-events'><span aria-hidden='true'>23<\/span><span class='screen-reader-text'>23 de mayo de 2026<\/span><\/span><\/div>\n<\/td>\n<td class='no-events domingo dom future-day weekend  no-events day-with-date'><div class='mc-date-container'><span class='mc-date no-events'><span aria-hidden='true'>24<\/span><span class='screen-reader-text'>24 de mayo de 2026<\/span><\/span><\/div>\n<\/td>\n<\/tr>\n<!-- End Event Row -->\n<tr class='mc-row'><td class='no-events lunes lun future-day   no-events day-with-date'><div class='mc-date-container'><span class='mc-date no-events'><span aria-hidden='true'>25<\/span><span class='screen-reader-text'>25 de mayo de 2026<\/span><\/span><\/div>\n<\/td>\n<td class='no-events martes mar future-day   no-events day-with-date'><div class='mc-date-container'><span class='mc-date no-events'><span aria-hidden='true'>26<\/span><span class='screen-reader-text'>26 de mayo de 2026<\/span><\/span><\/div>\n<\/td>\n<td class='no-events mircoles mi future-day   no-events day-with-date'><div class='mc-date-container'><span class='mc-date no-events'><span aria-hidden='true'>27<\/span><span class='screen-reader-text'>27 de mayo de 2026<\/span><\/span><\/div>\n<\/td>\n<td class='no-events jueves jue future-day   no-events day-with-date'><div class='mc-date-container'><span class='mc-date no-events'><span aria-hidden='true'>28<\/span><span class='screen-reader-text'>28 de mayo de 2026<\/span><\/span><\/div>\n<\/td>\n<td class='no-events viernes vie future-day   no-events day-with-date'><div class='mc-date-container'><span class='mc-date no-events'><span aria-hidden='true'>29<\/span><span class='screen-reader-text'>29 de mayo de 2026<\/span><\/span><\/div>\n<\/td>\n<td class='no-events sbado sb future-day weekend  no-events day-with-date'><div class='mc-date-container'><span class='mc-date no-events'><span aria-hidden='true'>30<\/span><span class='screen-reader-text'>30 de mayo de 2026<\/span><\/span><\/div>\n<\/td>\n<td class='no-events domingo dom future-day weekend  no-events day-with-date'><div class='mc-date-container'><span class='mc-date no-events'><span aria-hidden='true'>31<\/span><span class='screen-reader-text'>31 de mayo de 2026<\/span><\/span><\/div>\n<\/td>\n<\/tr>\n<!-- End Event Row -->\n\n<\/tbody>\n<\/table><\/div><!-- .mc-content -->\r\n<\/div>\n","protected":false},"excerpt":{"rendered":"","protected":false},"author":2,"featured_media":0,"parent":0,"menu_order":0,"comment_status":"closed","ping_status":"closed","template":"","meta":{"_et_pb_use_builder":"","_et_pb_old_content":"","_et_gb_content_width":"","_mc_calendar":[],"footnotes":""},"class_list":["post-752","page","type-page","status-publish","hentry"],"yoast_head":"<!-- This site is optimized with the Yoast SEO plugin v24.5 - https:\/\/yoast.com\/wordpress\/plugins\/seo\/ -->\n<title>Calendario de Eventos - Parroquia padre San Jos\u00e9 Mar\u00eda Rubio Ca\u00f1averal (Vicalvaro)<\/title>\n<meta name=\"robots\" content=\"index, follow, max-snippet:-1, max-image-preview:large, max-video-preview:-1\" \/>\n<link rel=\"canonical\" href=\"https:\/\/parroquiacanaveral.archimadrid.es\/index.php\/calendario-de-eventos\/\" \/>\n<meta property=\"og:locale\" content=\"es_ES\" \/>\n<meta property=\"og:type\" content=\"article\" \/>\n<meta property=\"og:title\" content=\"Calendario de Eventos - Parroquia padre San Jos\u00e9 Mar\u00eda Rubio Ca\u00f1averal (Vicalvaro)\" \/>\n<meta property=\"og:url\" content=\"https:\/\/parroquiacanaveral.archimadrid.es\/index.php\/calendario-de-eventos\/\" \/>\n<meta property=\"og:site_name\" content=\"Parroquia padre San Jos\u00e9 Mar\u00eda Rubio Ca\u00f1averal (Vicalvaro)\" \/>\n<meta name=\"twitter:card\" content=\"summary_large_image\" \/>\n<script type=\"application\/ld+json\" class=\"yoast-schema-graph\">{\"@context\":\"https:\/\/schema.org\",\"@graph\":[{\"@type\":\"WebPage\",\"@id\":\"https:\/\/parroquiacanaveral.archimadrid.es\/index.php\/calendario-de-eventos\/\",\"url\":\"https:\/\/parroquiacanaveral.archimadrid.es\/index.php\/calendario-de-eventos\/\",\"name\":\"Calendario de Eventos - Parroquia padre San Jos\u00e9 Mar\u00eda Rubio Ca\u00f1averal (Vicalvaro)\",\"isPartOf\":{\"@id\":\"https:\/\/parroquiacanaveral.archimadrid.es\/#website\"},\"datePublished\":\"2022-01-24T10:06:53+00:00\",\"breadcrumb\":{\"@id\":\"https:\/\/parroquiacanaveral.archimadrid.es\/index.php\/calendario-de-eventos\/#breadcrumb\"},\"inLanguage\":\"es\",\"potentialAction\":[{\"@type\":\"ReadAction\",\"target\":[\"https:\/\/parroquiacanaveral.archimadrid.es\/index.php\/calendario-de-eventos\/\"]}]},{\"@type\":\"BreadcrumbList\",\"@id\":\"https:\/\/parroquiacanaveral.archimadrid.es\/index.php\/calendario-de-eventos\/#breadcrumb\",\"itemListElement\":[{\"@type\":\"ListItem\",\"position\":1,\"name\":\"Portada\",\"item\":\"https:\/\/parroquiacanaveral.archimadrid.es\/\"},{\"@type\":\"ListItem\",\"position\":2,\"name\":\"Calendario de Eventos\"}]},{\"@type\":\"WebSite\",\"@id\":\"https:\/\/parroquiacanaveral.archimadrid.es\/#website\",\"url\":\"https:\/\/parroquiacanaveral.archimadrid.es\/\",\"name\":\"Parroquia padre San Jos\u00e9 Mar\u00eda Rubio Ca\u00f1averal (Vicalvaro)\",\"description\":\"Archidi\u00f3cesis de Madrid\",\"potentialAction\":[{\"@type\":\"SearchAction\",\"target\":{\"@type\":\"EntryPoint\",\"urlTemplate\":\"https:\/\/parroquiacanaveral.archimadrid.es\/?s={search_term_string}\"},\"query-input\":{\"@type\":\"PropertyValueSpecification\",\"valueRequired\":true,\"valueName\":\"search_term_string\"}}],\"inLanguage\":\"es\"}]}<\/script>\n<!-- \/ Yoast SEO plugin. -->","yoast_head_json":{"title":"Calendario de Eventos - Parroquia padre San Jos\u00e9 Mar\u00eda Rubio Ca\u00f1averal (Vicalvaro)","robots":{"index":"index","follow":"follow","max-snippet":"max-snippet:-1","max-image-preview":"max-image-preview:large","max-video-preview":"max-video-preview:-1"},"canonical":"https:\/\/parroquiacanaveral.archimadrid.es\/index.php\/calendario-de-eventos\/","og_locale":"es_ES","og_type":"article","og_title":"Calendario de Eventos - Parroquia padre San Jos\u00e9 Mar\u00eda Rubio Ca\u00f1averal (Vicalvaro)","og_url":"https:\/\/parroquiacanaveral.archimadrid.es\/index.php\/calendario-de-eventos\/","og_site_name":"Parroquia padre San Jos\u00e9 Mar\u00eda Rubio Ca\u00f1averal (Vicalvaro)","twitter_card":"summary_large_image","schema":{"@context":"https:\/\/schema.org","@graph":[{"@type":"WebPage","@id":"https:\/\/parroquiacanaveral.archimadrid.es\/index.php\/calendario-de-eventos\/","url":"https:\/\/parroquiacanaveral.archimadrid.es\/index.php\/calendario-de-eventos\/","name":"Calendario de Eventos - Parroquia padre San Jos\u00e9 Mar\u00eda Rubio Ca\u00f1averal (Vicalvaro)","isPartOf":{"@id":"https:\/\/parroquiacanaveral.archimadrid.es\/#website"},"datePublished":"2022-01-24T10:06:53+00:00","breadcrumb":{"@id":"https:\/\/parroquiacanaveral.archimadrid.es\/index.php\/calendario-de-eventos\/#breadcrumb"},"inLanguage":"es","potentialAction":[{"@type":"ReadAction","target":["https:\/\/parroquiacanaveral.archimadrid.es\/index.php\/calendario-de-eventos\/"]}]},{"@type":"BreadcrumbList","@id":"https:\/\/parroquiacanaveral.archimadrid.es\/index.php\/calendario-de-eventos\/#breadcrumb","itemListElement":[{"@type":"ListItem","position":1,"name":"Portada","item":"https:\/\/parroquiacanaveral.archimadrid.es\/"},{"@type":"ListItem","position":2,"name":"Calendario de Eventos"}]},{"@type":"WebSite","@id":"https:\/\/parroquiacanaveral.archimadrid.es\/#website","url":"https:\/\/parroquiacanaveral.archimadrid.es\/","name":"Parroquia padre San Jos\u00e9 Mar\u00eda Rubio Ca\u00f1averal (Vicalvaro)","description":"Archidi\u00f3cesis de Madrid","potentialAction":[{"@type":"SearchAction","target":{"@type":"EntryPoint","urlTemplate":"https:\/\/parroquiacanaveral.archimadrid.es\/?s={search_term_string}"},"query-input":{"@type":"PropertyValueSpecification","valueRequired":true,"valueName":"search_term_string"}}],"inLanguage":"es"}]}},"_links":{"self":[{"href":"https:\/\/parroquiacanaveral.archimadrid.es\/index.php\/wp-json\/wp\/v2\/pages\/752","targetHints":{"allow":["GET"]}}],"collection":[{"href":"https:\/\/parroquiacanaveral.archimadrid.es\/index.php\/wp-json\/wp\/v2\/pages"}],"about":[{"href":"https:\/\/parroquiacanaveral.archimadrid.es\/index.php\/wp-json\/wp\/v2\/types\/page"}],"author":[{"embeddable":true,"href":"https:\/\/parroquiacanaveral.archimadrid.es\/index.php\/wp-json\/wp\/v2\/users\/2"}],"replies":[{"embeddable":true,"href":"https:\/\/parroquiacanaveral.archimadrid.es\/index.php\/wp-json\/wp\/v2\/comments?post=752"}],"version-history":[{"count":1,"href":"https:\/\/parroquiacanaveral.archimadrid.es\/index.php\/wp-json\/wp\/v2\/pages\/752\/revisions"}],"predecessor-version":[{"id":753,"href":"https:\/\/parroquiacanaveral.archimadrid.es\/index.php\/wp-json\/wp\/v2\/pages\/752\/revisions\/753"}],"wp:attachment":[{"href":"https:\/\/parroquiacanaveral.archimadrid.es\/index.php\/wp-json\/wp\/v2\/media?parent=752"}],"curies":[{"name":"wp","href":"https:\/\/api.w.org\/{rel}","templated":true}]}}