{"id":123,"date":"2021-03-24T09:24:11","date_gmt":"2021-03-24T09:24:11","guid":{"rendered":"https:\/\/parroquiacanaveral.archimadrid.es\/?page_id=123"},"modified":"2022-10-30T16:49:52","modified_gmt":"2022-10-30T15:49:52","slug":"contacta","status":"publish","type":"page","link":"https:\/\/parroquiacanaveral.archimadrid.es\/index.php\/contacta\/","title":{"rendered":"Dona"},"content":{"rendered":"<p>[et_pb_section fb_built=\u00bb1&#8243; admin_label=\u00bbsection\u00bb _builder_version=\u00bb3.22&#8243; global_colors_info=\u00bb{}\u00bb][et_pb_row admin_label=\u00bbrow\u00bb _builder_version=\u00bb3.25&#8243; background_size=\u00bbinitial\u00bb background_position=\u00bbtop_left\u00bb background_repeat=\u00bbrepeat\u00bb global_colors_info=\u00bb{}\u00bb][et_pb_column type=\u00bb4_4&#8243; _builder_version=\u00bb3.25&#8243; custom_padding=\u00bb|||\u00bb global_colors_info=\u00bb{}\u00bb custom_padding__hover=\u00bb|||\u00bb][\/et_pb_column][\/et_pb_row][\/et_pb_section]<\/p>\n","protected":false},"excerpt":{"rendered":"","protected":false},"author":2,"featured_media":0,"parent":0,"menu_order":0,"comment_status":"closed","ping_status":"closed","template":"","meta":{"_et_pb_use_builder":"on","_et_pb_old_content":"","_et_gb_content_width":"","_mc_calendar":[],"footnotes":""},"class_list":["post-123","page","type-page","status-publish","hentry"],"yoast_head":"<!-- This site is optimized with the Yoast SEO plugin v24.5 - https:\/\/yoast.com\/wordpress\/plugins\/seo\/ -->\n<title>Dona - Parroquia padre San Jos\u00e9 Mar\u00eda Rubio Ca\u00f1averal (Vicalvaro)<\/title>\n<meta name=\"robots\" content=\"index, follow, max-snippet:-1, max-image-preview:large, max-video-preview:-1\" \/>\n<link rel=\"canonical\" href=\"https:\/\/parroquiacanaveral.archimadrid.es\/index.php\/contacta\/\" \/>\n<meta property=\"og:locale\" content=\"es_ES\" \/>\n<meta property=\"og:type\" content=\"article\" \/>\n<meta property=\"og:title\" content=\"Dona - Parroquia padre San Jos\u00e9 Mar\u00eda Rubio Ca\u00f1averal (Vicalvaro)\" \/>\n<meta property=\"og:url\" content=\"https:\/\/parroquiacanaveral.archimadrid.es\/index.php\/contacta\/\" \/>\n<meta property=\"og:site_name\" content=\"Parroquia padre San Jos\u00e9 Mar\u00eda Rubio Ca\u00f1averal (Vicalvaro)\" \/>\n<meta property=\"article:modified_time\" content=\"2022-10-30T15:49:52+00:00\" \/>\n<meta name=\"twitter:card\" content=\"summary_large_image\" \/>\n<script type=\"application\/ld+json\" class=\"yoast-schema-graph\">{\"@context\":\"https:\/\/schema.org\",\"@graph\":[{\"@type\":\"WebPage\",\"@id\":\"https:\/\/parroquiacanaveral.archimadrid.es\/index.php\/contacta\/\",\"url\":\"https:\/\/parroquiacanaveral.archimadrid.es\/index.php\/contacta\/\",\"name\":\"Dona - Parroquia padre San Jos\u00e9 Mar\u00eda Rubio Ca\u00f1averal (Vicalvaro)\",\"isPartOf\":{\"@id\":\"https:\/\/parroquiacanaveral.archimadrid.es\/#website\"},\"datePublished\":\"2021-03-24T09:24:11+00:00\",\"dateModified\":\"2022-10-30T15:49:52+00:00\",\"breadcrumb\":{\"@id\":\"https:\/\/parroquiacanaveral.archimadrid.es\/index.php\/contacta\/#breadcrumb\"},\"inLanguage\":\"es\",\"potentialAction\":[{\"@type\":\"ReadAction\",\"target\":[\"https:\/\/parroquiacanaveral.archimadrid.es\/index.php\/contacta\/\"]}]},{\"@type\":\"BreadcrumbList\",\"@id\":\"https:\/\/parroquiacanaveral.archimadrid.es\/index.php\/contacta\/#breadcrumb\",\"itemListElement\":[{\"@type\":\"ListItem\",\"position\":1,\"name\":\"Portada\",\"item\":\"https:\/\/parroquiacanaveral.archimadrid.es\/\"},{\"@type\":\"ListItem\",\"position\":2,\"name\":\"Dona\"}]},{\"@type\":\"WebSite\",\"@id\":\"https:\/\/parroquiacanaveral.archimadrid.es\/#website\",\"url\":\"https:\/\/parroquiacanaveral.archimadrid.es\/\",\"name\":\"Parroquia padre San Jos\u00e9 Mar\u00eda Rubio Ca\u00f1averal (Vicalvaro)\",\"description\":\"Archidi\u00f3cesis de Madrid\",\"potentialAction\":[{\"@type\":\"SearchAction\",\"target\":{\"@type\":\"EntryPoint\",\"urlTemplate\":\"https:\/\/parroquiacanaveral.archimadrid.es\/?s={search_term_string}\"},\"query-input\":{\"@type\":\"PropertyValueSpecification\",\"valueRequired\":true,\"valueName\":\"search_term_string\"}}],\"inLanguage\":\"es\"}]}<\/script>\n<!-- \/ Yoast SEO plugin. -->","yoast_head_json":{"title":"Dona - Parroquia padre San Jos\u00e9 Mar\u00eda Rubio Ca\u00f1averal (Vicalvaro)","robots":{"index":"index","follow":"follow","max-snippet":"max-snippet:-1","max-image-preview":"max-image-preview:large","max-video-preview":"max-video-preview:-1"},"canonical":"https:\/\/parroquiacanaveral.archimadrid.es\/index.php\/contacta\/","og_locale":"es_ES","og_type":"article","og_title":"Dona - Parroquia padre San Jos\u00e9 Mar\u00eda Rubio Ca\u00f1averal (Vicalvaro)","og_url":"https:\/\/parroquiacanaveral.archimadrid.es\/index.php\/contacta\/","og_site_name":"Parroquia padre San Jos\u00e9 Mar\u00eda Rubio Ca\u00f1averal (Vicalvaro)","article_modified_time":"2022-10-30T15:49:52+00:00","twitter_card":"summary_large_image","schema":{"@context":"https:\/\/schema.org","@graph":[{"@type":"WebPage","@id":"https:\/\/parroquiacanaveral.archimadrid.es\/index.php\/contacta\/","url":"https:\/\/parroquiacanaveral.archimadrid.es\/index.php\/contacta\/","name":"Dona - Parroquia padre San Jos\u00e9 Mar\u00eda Rubio Ca\u00f1averal (Vicalvaro)","isPartOf":{"@id":"https:\/\/parroquiacanaveral.archimadrid.es\/#website"},"datePublished":"2021-03-24T09:24:11+00:00","dateModified":"2022-10-30T15:49:52+00:00","breadcrumb":{"@id":"https:\/\/parroquiacanaveral.archimadrid.es\/index.php\/contacta\/#breadcrumb"},"inLanguage":"es","potentialAction":[{"@type":"ReadAction","target":["https:\/\/parroquiacanaveral.archimadrid.es\/index.php\/contacta\/"]}]},{"@type":"BreadcrumbList","@id":"https:\/\/parroquiacanaveral.archimadrid.es\/index.php\/contacta\/#breadcrumb","itemListElement":[{"@type":"ListItem","position":1,"name":"Portada","item":"https:\/\/parroquiacanaveral.archimadrid.es\/"},{"@type":"ListItem","position":2,"name":"Dona"}]},{"@type":"WebSite","@id":"https:\/\/parroquiacanaveral.archimadrid.es\/#website","url":"https:\/\/parroquiacanaveral.archimadrid.es\/","name":"Parroquia padre San Jos\u00e9 Mar\u00eda Rubio Ca\u00f1averal (Vicalvaro)","description":"Archidi\u00f3cesis de Madrid","potentialAction":[{"@type":"SearchAction","target":{"@type":"EntryPoint","urlTemplate":"https:\/\/parroquiacanaveral.archimadrid.es\/?s={search_term_string}"},"query-input":{"@type":"PropertyValueSpecification","valueRequired":true,"valueName":"search_term_string"}}],"inLanguage":"es"}]}},"_links":{"self":[{"href":"https:\/\/parroquiacanaveral.archimadrid.es\/index.php\/wp-json\/wp\/v2\/pages\/123","targetHints":{"allow":["GET"]}}],"collection":[{"href":"https:\/\/parroquiacanaveral.archimadrid.es\/index.php\/wp-json\/wp\/v2\/pages"}],"about":[{"href":"https:\/\/parroquiacanaveral.archimadrid.es\/index.php\/wp-json\/wp\/v2\/types\/page"}],"author":[{"embeddable":true,"href":"https:\/\/parroquiacanaveral.archimadrid.es\/index.php\/wp-json\/wp\/v2\/users\/2"}],"replies":[{"embeddable":true,"href":"https:\/\/parroquiacanaveral.archimadrid.es\/index.php\/wp-json\/wp\/v2\/comments?post=123"}],"version-history":[{"count":3,"href":"https:\/\/parroquiacanaveral.archimadrid.es\/index.php\/wp-json\/wp\/v2\/pages\/123\/revisions"}],"predecessor-version":[{"id":972,"href":"https:\/\/parroquiacanaveral.archimadrid.es\/index.php\/wp-json\/wp\/v2\/pages\/123\/revisions\/972"}],"wp:attachment":[{"href":"https:\/\/parroquiacanaveral.archimadrid.es\/index.php\/wp-json\/wp\/v2\/media?parent=123"}],"curies":[{"name":"wp","href":"https:\/\/api.w.org\/{rel}","templated":true}]}}